{"id":91,"date":"2024-06-10T15:53:13","date_gmt":"2024-06-10T13:53:13","guid":{"rendered":"https:\/\/mhl-rh.fr\/?page_id=91"},"modified":"2024-07-08T15:33:59","modified_gmt":"2024-07-08T13:33:59","slug":"services-entreprises","status":"publish","type":"page","link":"https:\/\/mhl-rh.fr\/index.php\/services-entreprises\/","title":{"rendered":"Services entreprises"},"content":{"rendered":"\n<div class=\"wp-block-cover alignfull\" style=\"margin-top:0;margin-bottom:0;padding-top:0px;padding-bottom:80px;min-height:300px;aspect-ratio:unset;\"><span aria-hidden=\"true\" class=\"wp-block-cover__background has-background-dim-30 has-background-dim\" style=\"background-color:#0b0b0b\"><\/span><img fetchpriority=\"high\" decoding=\"async\" width=\"2560\" height=\"1708\" class=\"wp-block-cover__image-background wp-image-240\" alt=\"\" src=\"http:\/\/mhl-rh.fr\/wp-content\/uploads\/2024\/06\/pexels-fauxels-3183150-scaled.jpg\" data-object-fit=\"cover\" srcset=\"https:\/\/mhl-rh.fr\/wp-content\/uploads\/2024\/06\/pexels-fauxels-3183150-scaled.jpg 2560w, https:\/\/mhl-rh.fr\/wp-content\/uploads\/2024\/06\/pexels-fauxels-3183150-300x200.jpg 300w, https:\/\/mhl-rh.fr\/wp-content\/uploads\/2024\/06\/pexels-fauxels-3183150-1024x683.jpg 1024w, https:\/\/mhl-rh.fr\/wp-content\/uploads\/2024\/06\/pexels-fauxels-3183150-768x513.jpg 768w, https:\/\/mhl-rh.fr\/wp-content\/uploads\/2024\/06\/pexels-fauxels-3183150-1536x1025.jpg 1536w, https:\/\/mhl-rh.fr\/wp-content\/uploads\/2024\/06\/pexels-fauxels-3183150-2048x1367.jpg 2048w\" sizes=\"(max-width: 2560px) 100vw, 2560px\" \/><div class=\"wp-block-cover__inner-container has-global-padding is-layout-constrained wp-container-core-cover-is-layout-d4c6b484 wp-block-cover-is-layout-constrained\">\n<div style=\"height:150px\" aria-hidden=\"true\" class=\"wp-block-spacer\"><\/div>\n\n\n\n<h1 class=\"wp-block-heading has-text-align-center has-text-color has-link-color has-suranna-font-family wp-elements-863dd56559ef90dce82bc41d1c595867\" style=\"color:#ffffff;font-size:clamp(2.422rem, 2.422rem + ((1vw - 0.2rem) * 3.796), 4.51rem);font-style:normal;font-weight:500\">Un accompagnement personnalis\u00e9<\/h1>\n\n\n\n<p class=\"has-text-align-center\" style=\"font-size:clamp(1.25rem, 1.25rem + ((1vw - 0.2rem) * 1.364), 2rem);\">qu&rsquo;importe la taille de votre structure<\/p>\n<\/div><\/div>\n\n\n\n<div class=\"wp-block-cover alignfull is-light\" style=\"padding-top:6rem;padding-bottom:6rem\"><span aria-hidden=\"true\" class=\"wp-block-cover__background has-background-dim-10 has-background-dim\" style=\"background-color:#0d4674\"><\/span><div class=\"wp-block-cover__inner-container has-global-padding is-layout-constrained wp-container-core-cover-is-layout-5cbdda46 wp-block-cover-is-layout-constrained\">\n<h2 class=\"wp-block-heading has-text-align-center has-text-color has-link-color has-suranna-font-family wp-elements-0d7e596f2f1305f1e91175fe2ac6a5f4\" style=\"color:#000000;font-size:clamp(24.034px, 1.502rem + ((1vw - 3.2px) * 1.814), 40px);font-style:normal;font-weight:500;letter-spacing:1px\">Des prestations \u00e0 votre image&#8230;<\/h2>\n\n\n\n<p class=\"has-small-font-size\"><\/p>\n\n\n\n<p style=\"font-size:clamp(0.875rem, 0.875rem + ((1vw - 0.2rem) * 0.409), 1.1rem);\">Avec mon aide, concentrez vous sur le <strong>d\u00e9veloppement de votre entreprise<\/strong> tout en b\u00e9n\u00e9ficiant d&rsquo;une gestion RH professionnelle et adapt\u00e9e \u00e0 vos besoins. <\/p>\n\n\n\n<p class=\"has-text-color has-link-color wp-elements-ca40bfd9aadb3212a8c6d217cf4c1f58\" style=\"color:#0e0e0e;font-size:clamp(0.875rem, 0.875rem + ((1vw - 0.2rem) * 0.409), 1.1rem);\">En tant que RH ind\u00e9pendante, je comprends les d\u00e9fis uniques auxquels les <strong><em><mark style=\"background-color:rgba(0, 0, 0, 0);color:#0d4674\" class=\"has-inline-color\">petites et moyennes entreprises ainsi que les startups<\/mark><\/em><\/strong> sont confront\u00e9es. Vous avez besoin d&rsquo;une solution qui soit \u00e0 la fois flexible, abordable et efficace pour g\u00e9rer vos RH.<\/p>\n\n\n\n<p style=\"font-size:clamp(0.875rem, 0.875rem + ((1vw - 0.2rem) * 0.409), 1.1rem);\">Mon approche est de vous offrir un soutien personnalis\u00e9, que ce soit pour des <strong>missions ponctuelles ou pour un accompagnement quotidien<\/strong>.<\/p>\n\n\n\n<div class=\"wp-block-buttons is-horizontal is-content-justification-center is-layout-flex wp-container-core-buttons-is-layout-bb07f847 wp-block-buttons-is-layout-flex\" style=\"margin-top:30px\">\n<div class=\"wp-block-button has-custom-width wp-block-button__width-25 has-custom-font-size is-style-fill has-pontano-sans-font-family\" style=\"font-size:clamp(0.875rem, 0.875rem + ((1vw - 0.2rem) * 0.245), 1.01rem);font-style:normal;font-weight:600;letter-spacing:1px;line-height:1.5;text-transform:uppercase\"><a class=\"wp-block-button__link has-text-color has-background wp-element-button\" href=\"https:\/\/mhl-rh.fr\/index.php\/contact\/\" style=\"border-style:none;border-width:0px;border-radius:3.59rem;color:#fffffd;background-color:#0d4674;padding-top:0.71rem;padding-right:0.31rem;padding-bottom:0.71rem;padding-left:0.31rem\">contactez moi<\/a><\/div>\n<\/div>\n<\/div><\/div>\n\n\n\n<section class=\"wp-block-group alignfull has-global-padding is-layout-constrained wp-container-core-group-is-layout-608bbd49 wp-block-group-is-layout-constrained\" style=\"margin-top:0px;padding-top:6rem;padding-right:1rem;padding-bottom:5rem;padding-left:1rem;font-size:clamp(0.875rem, 0.875rem + ((1vw - 0.2rem) * 0.464), 1.13rem);font-style:normal;font-weight:400;line-height:1.4\">\n<div class=\"wp-block-columns is-layout-flex wp-container-core-columns-is-layout-03ad6a19 wp-block-columns-is-layout-flex\" style=\"margin-bottom:0px\">\n<div class=\"wp-block-column is-vertically-aligned-center is-layout-flow wp-block-column-is-layout-flow\" style=\"flex-basis:50%\">\n<figure class=\"wp-block-image alignleft size-full\"><img decoding=\"async\" width=\"1920\" height=\"1281\" src=\"http:\/\/mhl-rh.fr\/wp-content\/uploads\/2024\/05\/scott-graham-OQMZwNd3ThU-unsplash-1.jpg\" alt=\"\" class=\"wp-image-130\" style=\"aspect-ratio:1;object-fit:cover\" srcset=\"https:\/\/mhl-rh.fr\/wp-content\/uploads\/2024\/05\/scott-graham-OQMZwNd3ThU-unsplash-1.jpg 1920w, https:\/\/mhl-rh.fr\/wp-content\/uploads\/2024\/05\/scott-graham-OQMZwNd3ThU-unsplash-1-300x200.jpg 300w, https:\/\/mhl-rh.fr\/wp-content\/uploads\/2024\/05\/scott-graham-OQMZwNd3ThU-unsplash-1-1024x683.jpg 1024w, https:\/\/mhl-rh.fr\/wp-content\/uploads\/2024\/05\/scott-graham-OQMZwNd3ThU-unsplash-1-768x512.jpg 768w, https:\/\/mhl-rh.fr\/wp-content\/uploads\/2024\/05\/scott-graham-OQMZwNd3ThU-unsplash-1-1536x1025.jpg 1536w\" sizes=\"(max-width: 1920px) 100vw, 1920px\" \/><\/figure>\n<\/div>\n\n\n\n<div class=\"wp-block-column is-vertically-aligned-center has-global-padding is-layout-constrained wp-container-core-column-is-layout-c4a7d96a wp-block-column-is-layout-constrained\" style=\"flex-basis:50%\">\n<h3 class=\"wp-block-heading has-text-align-left has-text-color has-suranna-font-family\" style=\"color:#0d4674;margin-top:0.5rem;margin-bottom:0rem;font-size:clamp(24.034px, 1.502rem + ((1vw - 3.2px) * 1.814), 40px);font-style:normal;font-weight:500;letter-spacing:0px;line-height:1.3\">RH Externalis\u00e9e<\/h3>\n\n\n\n<p class=\"has-medium-font-size\"><\/p>\n\n\n\n<p class=\"has-text-align-left has-text-color has-pontano-sans-font-family\" style=\"color:#000000;margin-top:20px;margin-bottom:20px;font-size:clamp(0.875rem, 0.875rem + ((1vw - 0.2rem) * 0.245), 1.01rem);font-style:normal;font-weight:400;line-height:1.5\">En faisant appel \u00e0 mes services, vous b\u00e9n\u00e9ficiez d&rsquo;une <strong>expertise RH au quotidien<\/strong>, \u00e0 l&rsquo;instar de ce que peut offrir un comptable pour la gestion financi\u00e8re. <\/p>\n\n\n\n<p class=\"has-text-align-left has-text-color has-pontano-sans-font-family\" style=\"color:#000000;margin-top:20px;margin-bottom:20px;font-size:clamp(0.875rem, 0.875rem + ((1vw - 0.2rem) * 0.245), 1.01rem);font-style:normal;font-weight:400;line-height:1.5\">J&rsquo;assure vos missions RH de mani\u00e8re flexible et adapt\u00e9e. <\/p>\n\n\n\n<p class=\"has-text-align-left has-text-color has-pontano-sans-font-family\" style=\"color:#000000;margin-top:20px;margin-bottom:20px;font-size:clamp(0.875rem, 0.875rem + ((1vw - 0.2rem) * 0.245), 1.01rem);font-style:normal;font-weight:400;line-height:1.5\">Mon objectif est de vous fournir un soutien continu et de qualit\u00e9 pour optimiser la gestion de vos Ressources Humaines.<\/p>\n\n\n\n<p class=\"has-medium-font-size\">..<\/p>\n\n\n\n<div class=\"wp-block-buttons is-horizontal is-content-justification-left is-layout-flex wp-container-core-buttons-is-layout-2c34cf1c wp-block-buttons-is-layout-flex\" style=\"margin-top:0.51rem\">\n<div class=\"wp-block-button has-custom-width wp-block-button__width-50 has-custom-font-size is-style-fill has-pontano-sans-font-family\" style=\"font-size:clamp(0.875rem, 0.875rem + ((1vw - 0.2rem) * 0.245), 1.01rem);font-style:normal;font-weight:600;letter-spacing:1px;line-height:1.5;text-transform:uppercase\"><a class=\"wp-block-button__link has-text-color has-background wp-element-button\" href=\"https:\/\/mhl-rh.fr\/index.php\/contact\/\" style=\"border-style:none;border-width:0px;border-radius:3.59rem;color:#fffffd;background-color:#0d4674;padding-top:0.71rem;padding-right:0.31rem;padding-bottom:0.71rem;padding-left:0.31rem\">contactez moi<\/a><\/div>\n<\/div>\n<\/div>\n<\/div>\n<\/section>\n\n\n\n<section class=\"wp-block-group alignfull has-global-padding is-layout-constrained wp-container-core-group-is-layout-8202059b wp-block-group-is-layout-constrained\" style=\"margin-top:0px;padding-top:6rem;padding-right:1rem;padding-bottom:6rem;padding-left:1rem;font-size:clamp(0.875rem, 0.875rem + ((1vw - 0.2rem) * 0.464), 1.13rem);font-style:normal;font-weight:400;line-height:1.4\">\n<div class=\"wp-block-columns is-layout-flex wp-container-core-columns-is-layout-03ad6a19 wp-block-columns-is-layout-flex\" style=\"margin-bottom:0px\">\n<div class=\"wp-block-column is-vertically-aligned-center has-global-padding is-layout-constrained wp-container-core-column-is-layout-c4a7d96a wp-block-column-is-layout-constrained\" style=\"flex-basis:50%\">\n<h3 class=\"wp-block-heading has-text-align-left has-text-color has-suranna-font-family\" style=\"color:#0d4674;margin-top:0.5rem;margin-bottom:0rem;font-size:clamp(24.034px, 1.502rem + ((1vw - 3.2px) * 1.814), 40px);font-style:normal;font-weight:500;letter-spacing:0px;line-height:1.3\">RH \u00e0 temps partag\u00e9<\/h3>\n\n\n\n<p class=\"has-medium-font-size\">.<\/p>\n\n\n\n<p><\/p>\n\n\n\n<p class=\"has-text-color has-link-color wp-elements-bcf9a109c52ceb474fcc2b39ba4d56de\" style=\"color:#0e0e0e;font-size:clamp(0.875rem, 0.875rem + ((1vw - 0.2rem) * 0.245), 1.01rem);\">Vous connaissez d\u00e9j\u00e0 votre <strong>besoin hebdomadaire ou mensuel<\/strong> en gestion RH ?  <\/p>\n\n\n\n<p class=\"has-text-color has-link-color wp-elements-4e1fe4a56519e99d6a60e361ed29f577\" style=\"color:#0e0e0e;font-size:clamp(0.875rem, 0.875rem + ((1vw - 0.2rem) * 0.245), 1.01rem);\"><\/p>\n\n\n\n<p class=\"has-text-color has-link-color wp-elements-727c29dbba09a139aab66a755cd44ac5\" style=\"color:#0e0e0e;font-size:clamp(0.875rem, 0.875rem + ((1vw - 0.2rem) * 0.245), 1.01rem);\">D\u00e9finissons ensemble un <strong>planning sur mesure<\/strong>, en fonction de vos contraintes et de vos priorit\u00e9s. Que vous ayez besoin d&rsquo;une intervention ponctuelle, de quelques heures par semaine, ou d&rsquo;une pr\u00e9sence plus r\u00e9guli\u00e8re,<strong> je m&rsquo;adapte \u00e0 votre rythme et \u00e0 vos besoins sp\u00e9cifiques<\/strong>.<\/p>\n\n\n\n<p class=\"has-text-color has-link-color wp-elements-4e1fe4a56519e99d6a60e361ed29f577\" style=\"color:#0e0e0e;font-size:clamp(0.875rem, 0.875rem + ((1vw - 0.2rem) * 0.245), 1.01rem);\"><\/p>\n\n\n\n<p class=\"has-text-color has-link-color wp-elements-3c1167f16cafbbf400e8d262e94bf630\" style=\"color:#0e0e0e;font-size:clamp(0.875rem, 0.875rem + ((1vw - 0.2rem) * 0.245), 1.01rem);\">Ensemble, nous \u00e9tablissons un <strong>calendrier pr\u00e9cis<\/strong> qui vous permettra de b\u00e9n\u00e9ficier d&rsquo;une gestion RH efficace et continue, tout en vous d\u00e9chargeant des t\u00e2ches annexes complexes. <\/p>\n\n\n\n<p class=\"has-text-color has-link-color wp-elements-4e1fe4a56519e99d6a60e361ed29f577\" style=\"color:#0e0e0e;font-size:clamp(0.875rem, 0.875rem + ((1vw - 0.2rem) * 0.245), 1.01rem);\"><\/p>\n\n\n\n<p class=\"has-text-color has-link-color wp-elements-0c7494da61d8fb4383f84ed109831125\" style=\"color:#0e0e0e;font-size:clamp(0.875rem, 0.875rem + ((1vw - 0.2rem) * 0.245), 1.01rem);\">Concentrez vous sur votre c\u0153ur de m\u00e9tier, ayez l&rsquo;assurance que vos RH sont entre mes mains.<\/p>\n\n\n\n<p>..<\/p>\n\n\n\n<p class=\"has-medium-font-size\"><\/p>\n\n\n\n<div class=\"wp-block-buttons is-horizontal is-content-justification-left is-layout-flex wp-container-core-buttons-is-layout-2c34cf1c wp-block-buttons-is-layout-flex\" style=\"margin-top:0.51rem\">\n<div class=\"wp-block-button has-custom-width wp-block-button__width-50 has-custom-font-size is-style-fill has-pontano-sans-font-family\" style=\"font-size:clamp(0.875rem, 0.875rem + ((1vw - 0.2rem) * 0.245), 1.01rem);font-style:normal;font-weight:600;letter-spacing:1px;line-height:1.5;text-transform:uppercase\"><a class=\"wp-block-button__link has-text-color has-background wp-element-button\" href=\"https:\/\/mhl-rh.fr\/index.php\/contact\/\" style=\"border-style:none;border-width:0px;border-radius:3.59rem;color:#fffffd;background-color:#0d4674;padding-top:0.71rem;padding-right:0.31rem;padding-bottom:0.71rem;padding-left:0.31rem\">contactez moi<\/a><\/div>\n<\/div>\n<\/div>\n\n\n\n<div class=\"wp-block-column is-vertically-aligned-center is-layout-flow wp-block-column-is-layout-flow\" style=\"flex-basis:50%\">\n<figure class=\"wp-block-image alignright size-full has-custom-border\"><img decoding=\"async\" width=\"640\" height=\"427\" src=\"http:\/\/mhl-rh.fr\/wp-content\/uploads\/2024\/05\/christin-hume-Hcfwew744z4-unsplash-1.jpg\" alt=\"\" class=\"has-border-color has-tertiary-border-color wp-image-200\" style=\"border-width:1px;aspect-ratio:1;object-fit:cover\" srcset=\"https:\/\/mhl-rh.fr\/wp-content\/uploads\/2024\/05\/christin-hume-Hcfwew744z4-unsplash-1.jpg 640w, https:\/\/mhl-rh.fr\/wp-content\/uploads\/2024\/05\/christin-hume-Hcfwew744z4-unsplash-1-300x200.jpg 300w\" sizes=\"(max-width: 640px) 100vw, 640px\" \/><\/figure>\n<\/div>\n<\/div>\n\n\n\n<p style=\"font-size:clamp(37.388px, 2.337rem + ((1vw - 3.2px) * 3.592), 69px);\">.<\/p>\n\n\n\n<hr class=\"wp-block-separator has-alpha-channel-opacity is-style-wide\"\/>\n\n\n\n<div class=\"wp-block-columns is-layout-flex wp-container-core-columns-is-layout-03ad6a19 wp-block-columns-is-layout-flex\" style=\"margin-bottom:0px\">\n<div class=\"wp-block-column is-vertically-aligned-center is-layout-flow wp-block-column-is-layout-flow\" style=\"flex-basis:50%\">\n<figure class=\"wp-block-image alignleft size-full\"><img loading=\"lazy\" decoding=\"async\" width=\"1707\" height=\"2560\" src=\"http:\/\/mhl-rh.fr\/wp-content\/uploads\/2024\/06\/pexels-greta-hoffman-7674820-scaled.jpg\" alt=\"\" class=\"wp-image-250\" style=\"aspect-ratio:1;object-fit:cover\" srcset=\"https:\/\/mhl-rh.fr\/wp-content\/uploads\/2024\/06\/pexels-greta-hoffman-7674820-scaled.jpg 1707w, https:\/\/mhl-rh.fr\/wp-content\/uploads\/2024\/06\/pexels-greta-hoffman-7674820-200x300.jpg 200w, https:\/\/mhl-rh.fr\/wp-content\/uploads\/2024\/06\/pexels-greta-hoffman-7674820-683x1024.jpg 683w, https:\/\/mhl-rh.fr\/wp-content\/uploads\/2024\/06\/pexels-greta-hoffman-7674820-768x1152.jpg 768w, https:\/\/mhl-rh.fr\/wp-content\/uploads\/2024\/06\/pexels-greta-hoffman-7674820-1024x1536.jpg 1024w, https:\/\/mhl-rh.fr\/wp-content\/uploads\/2024\/06\/pexels-greta-hoffman-7674820-1365x2048.jpg 1365w\" sizes=\"(max-width: 1707px) 100vw, 1707px\" \/><\/figure>\n<\/div>\n\n\n\n<div class=\"wp-block-column is-vertically-aligned-center has-global-padding is-layout-constrained wp-container-core-column-is-layout-c4a7d96a wp-block-column-is-layout-constrained\" style=\"flex-basis:50%\">\n<h3 class=\"wp-block-heading has-text-align-left has-text-color has-suranna-font-family\" style=\"color:#0d4674;margin-top:0.5rem;margin-bottom:0rem;font-size:clamp(24.034px, 1.502rem + ((1vw - 3.2px) * 1.814), 40px);font-style:normal;font-weight:500;letter-spacing:0px;line-height:1.3\">Mission ponctuelle<\/h3>\n\n\n\n<p class=\"has-medium-font-size\">.<\/p>\n\n\n\n<p><\/p>\n\n\n\n<p class=\"has-text-color has-link-color wp-elements-b6a9435433b38e818f477784390f9ffd\" style=\"color:#050505;font-size:clamp(0.875rem, 0.875rem + ((1vw - 0.2rem) * 0.245), 1.01rem);\">Vous avez une mission temporaire RH, des difficult\u00e9s \u00e0 recruter de nouveaux talents ou encore le besoin de mettre en place un service RH, mais vous ne savez pas par o\u00f9 commencer ?<\/p>\n\n\n\n<p><\/p>\n\n\n\n<p class=\"has-text-color has-link-color wp-elements-e7e023948d1626dfea7a36d248411541\" style=\"color:#050505;font-size:clamp(0.875rem, 0.875rem + ((1vw - 0.2rem) * 0.245), 1.01rem);\">Confiez moi cette mission, je m\u2019occupe de tout, du d\u00e9but \u00e0 la fin. <\/p>\n\n\n\n<p class=\"has-text-color has-link-color wp-elements-0dcd13d4fc78ba034fee3e2918f52570\" style=\"color:#050505;font-size:clamp(0.875rem, 0.875rem + ((1vw - 0.2rem) * 0.245), 1.01rem);\"><\/p>\n\n\n\n<p class=\"has-text-color has-link-color wp-elements-77a2e3d05b3dd27a1dc2f7ca156d717d\" style=\"color:#050505;font-size:clamp(0.875rem, 0.875rem + ((1vw - 0.2rem) * 0.245), 1.01rem);\">D\u00e9finissons ensemble vos besoins via un <strong>diagnostic initial<\/strong>, convenons d&rsquo;un plan d&rsquo;action et je prendrai en charge le processus complet. <\/p>\n\n\n\n<p class=\"has-text-color has-link-color wp-elements-0dcd13d4fc78ba034fee3e2918f52570\" style=\"color:#050505;font-size:clamp(0.875rem, 0.875rem + ((1vw - 0.2rem) * 0.245), 1.01rem);\"><\/p>\n\n\n\n<p class=\"has-text-color has-link-color wp-elements-ad94f17dc9dfe964432bff58bec01d7a\" style=\"color:#050505;font-size:clamp(0.875rem, 0.875rem + ((1vw - 0.2rem) * 0.245), 1.01rem);\">Je vous propose des <strong>solutions flexibles et adapt\u00e9es<\/strong>. <\/p>\n\n\n\n<p class=\"has-text-color has-link-color wp-elements-a3bd5353f710d299c80e2550275a97a4\" style=\"color:#050505;font-size:clamp(0.875rem, 0.875rem + ((1vw - 0.2rem) * 0.245), 1.01rem);\">Contactez moi d\u00e8s aujourd&rsquo;hui pour discuter de vos besoins et \u00e9tablir un planning.<\/p>\n\n\n\n<p class=\"has-medium-font-size\">.<\/p>\n\n\n\n<div class=\"wp-block-buttons is-horizontal is-content-justification-left is-layout-flex wp-container-core-buttons-is-layout-2c34cf1c wp-block-buttons-is-layout-flex\" style=\"margin-top:0.51rem\">\n<div class=\"wp-block-button has-custom-width wp-block-button__width-50 has-custom-font-size is-style-fill has-pontano-sans-font-family\" style=\"font-size:clamp(0.875rem, 0.875rem + ((1vw - 0.2rem) * 0.245), 1.01rem);font-style:normal;font-weight:600;letter-spacing:1px;line-height:1.5;text-transform:uppercase\"><a class=\"wp-block-button__link has-text-color has-background wp-element-button\" href=\"https:\/\/mhl-rh.fr\/index.php\/contact\/\" style=\"border-style:none;border-width:0px;border-radius:3.59rem;color:#fffffd;background-color:#0d4674;padding-top:0.71rem;padding-right:0.31rem;padding-bottom:0.71rem;padding-left:0.31rem\">contactez moi<\/a><\/div>\n<\/div>\n<\/div>\n<\/div>\n<\/section>\n\n\n\n<div class=\"wp-block-cover alignfull is-light\" style=\"padding-top:6rem;padding-bottom:6rem\"><span aria-hidden=\"true\" class=\"wp-block-cover__background has-background-dim-10 has-background-dim\" style=\"background-color:#0d4674\"><\/span><div class=\"wp-block-cover__inner-container has-global-padding is-layout-constrained wp-container-core-cover-is-layout-5cbdda46 wp-block-cover-is-layout-constrained\">\n<h2 class=\"wp-block-heading has-text-align-center has-text-color has-link-color has-suranna-font-family wp-elements-df212e82d56635659478435bcc3fa2f6\" style=\"color:#000000;font-size:clamp(24.034px, 1.502rem + ((1vw - 3.2px) * 1.814), 40px);font-style:normal;font-weight:500;letter-spacing:1px\">&#8230; et\/ou en ad\u00e9quation avec votre \u00e9quipe<\/h2>\n\n\n\n<p class=\"has-small-font-size\"><\/p>\n\n\n\n<p>Pour les <em><strong><mark style=\"background-color:rgba(0, 0, 0, 0);color:#0d4674\" class=\"has-inline-color\">entreprises de taille moyenne \u00e0 grande<\/mark><\/strong><\/em>, je propose une expertise RH sur mesure pour r\u00e9pondre \u00e0 vos besoins sp\u00e9cifiques.<\/p>\n\n\n\n<p>Vous avez <strong>d\u00e9j\u00e0 une \u00e9quipe en place<\/strong>, mais avez besoin d&rsquo;un diagnostic RH approfondi, de d\u00e9velopper vos pratiques RH, ou de r\u00e9soudre des probl\u00e9matiques sociales ? Je suis l\u00e0 pour vous aider.<\/p>\n\n\n\n<p style=\"font-size:clamp(0.875rem, 0.875rem + ((1vw - 0.2rem) * 0.409), 1.1rem);\">Gagnez du temps et concentrez vous sur votre strat\u00e9gie d&rsquo;entreprise en me confiant vos d\u00e9fis RH. <\/p>\n\n\n\n<p style=\"font-size:clamp(0.875rem, 0.875rem + ((1vw - 0.2rem) * 0.409), 1.1rem);\">Avec un <strong>regard ext\u00e9rieur<\/strong>, je vous apporte des <strong>solutions innovantes et efficaces<\/strong>. Contactez moi d\u00e8s aujourd&rsquo;hui pour une collaboration adapt\u00e9e et performante.<\/p>\n\n\n\n<div class=\"wp-block-buttons is-horizontal is-content-justification-center is-layout-flex wp-container-core-buttons-is-layout-bb07f847 wp-block-buttons-is-layout-flex\" style=\"margin-top:30px\">\n<div class=\"wp-block-button has-custom-width wp-block-button__width-25 has-custom-font-size is-style-outline has-pontano-sans-font-family is-style-outline--1\" style=\"font-size:clamp(0.875rem, 0.875rem + ((1vw - 0.2rem) * 0.245), 1.01rem);font-style:normal;font-weight:600;letter-spacing:1px;line-height:1.5;text-transform:uppercase\"><a class=\"wp-block-button__link has-text-color has-background wp-element-button\" href=\"https:\/\/mhl-rh.fr\/index.php\/contact\/\" style=\"border-style:none;border-width:0px;border-radius:3.59rem;color:#fffffd;background-color:#0d4674;padding-top:0.71rem;padding-right:0.31rem;padding-bottom:0.71rem;padding-left:0.31rem\">contactez moi<\/a><\/div>\n<\/div>\n<\/div><\/div>\n","protected":false},"excerpt":{"rendered":"<p>RH Externalis\u00e9e En faisant appel \u00e0 mes services, vous b\u00e9n\u00e9ficiez d&rsquo;une expertise RH au quotidien, \u00e0 l&rsquo;instar de ce que peut offrir un comptable pour la gestion financi\u00e8re. J&rsquo;assure vos missions RH de mani\u00e8re flexible et adapt\u00e9e. Mon objectif est de vous fournir un soutien continu et de qualit\u00e9 pour optimiser la gestion de vos [&hellip;]<\/p>\n","protected":false},"author":1,"featured_media":0,"parent":0,"menu_order":0,"comment_status":"closed","ping_status":"closed","template":"","meta":{"footnotes":""},"class_list":["post-91","page","type-page","status-publish","hentry"],"_links":{"self":[{"href":"https:\/\/mhl-rh.fr\/index.php\/wp-json\/wp\/v2\/pages\/91","targetHints":{"allow":["GET"]}}],"collection":[{"href":"https:\/\/mhl-rh.fr\/index.php\/wp-json\/wp\/v2\/pages"}],"about":[{"href":"https:\/\/mhl-rh.fr\/index.php\/wp-json\/wp\/v2\/types\/page"}],"author":[{"embeddable":true,"href":"https:\/\/mhl-rh.fr\/index.php\/wp-json\/wp\/v2\/users\/1"}],"replies":[{"embeddable":true,"href":"https:\/\/mhl-rh.fr\/index.php\/wp-json\/wp\/v2\/comments?post=91"}],"version-history":[{"count":30,"href":"https:\/\/mhl-rh.fr\/index.php\/wp-json\/wp\/v2\/pages\/91\/revisions"}],"predecessor-version":[{"id":355,"href":"https:\/\/mhl-rh.fr\/index.php\/wp-json\/wp\/v2\/pages\/91\/revisions\/355"}],"wp:attachment":[{"href":"https:\/\/mhl-rh.fr\/index.php\/wp-json\/wp\/v2\/media?parent=91"}],"curies":[{"name":"wp","href":"https:\/\/api.w.org\/{rel}","templated":true}]}}